7?
7
What is the hundred thousands digit of 3721546?
7
What is the hundreds digit of 547558?
5
What is the tens digit of 232927?
2
What is the units digit of 27879?
9
What is the hundreds digit of 53281?
2
What is the tens digit of 39101?
0
What is the tens digit of 1947768?
6
What is the millions digit of 1548420?
1
What is the thousands digit of 909782?
9
What is the thousands digit of 435655?
5
What is the units digit of 958722?
2
What is the millions digit of 15733065?
5
What is the tens digit of 588095?
9
What is the ten thousands digit of 269016?
6
What is the hundreds digit of 1317277?
2
What is the millions digit of 29095315?
9
What is the ten thousands digit of 329861?
2
What is the tens digit of 3905689?
8
What is the hundred thousands digit of 1327928?
3
What is the hundred thousands digit of 838831?
8
What is the units digit of 1281718?
8
What is the hundred thousands digit of 631990?
6
What is the millions digit of 23032468?
3
What is the hundred thousands digit of 19086772?
0
What is the thousands digit of 3082507?
2
What is the hundred thousands digit of 2811841?
8
What is the tens digit of 2360612?
1
What is the millions digit of 13617409?
3
What is the hundred thousands digit of 2085603?
0
What is the ten thousands digit of 9160743?
6
What is the hundred thousands digit of 4824717?
8
What is the ten thousands digit of 3515239?
1
What is the tens digit of 3140957?
5
What is the tens digit of 12398161?
6
What is the hundred thousands digit of 8613555?
6
What is the hundreds digit of 3372350?
3
What is the hundred thousands digit of 1778848?
7
What is the hundreds digit of 260413?
4
What is the thousands digit of 15631986?
1
What is the millions digit of 16086886?
6
What is the millions digit of 10482911?
0
What is the tens digit of 2716583?
8
What is the units digit of 18507312?
2
What is the tens digit of 14143037?
3
What is the tens digit of 13134013?
1
What is the tens digit of 592137?
3
What is the hundred thousands digit of 1272488?
2
What is the thousands digit of 586500?
6
What is the tens digit of 5076178?
7
What is the millions digit of 3711240?
3
What is the units digit of 394751?
1
What is the millions digit of 6702673?
6
What is the thousands digit of 167461?
7
What is the ten thousands digit of 579991?
7
What is the hundreds digit of 436746?
7
What is the millions digit of 4779449?
4
What is the ten thousands digit of 355893?
5
What is the thousands digit of 400639?
0
What is the hundred thousands digit of 210842?
2
What is the thousands digit of 1875875?
5
What is the units digit of 8645766?
6
What is the units digit of 19796622?
2
What is the hundred thousands digit of 247599?
2
What is the ten thousands digit of 993326?
9
What is the thousands digit of 1803134?
3
What is the hundreds digit of 1237557?
5
What is the units digit of 2932230?
0
What is the units digit of 569297?
7
What is the hundred thousands digit of 4283261?
2
What is the units digit of 451769?
9
What is the hundreds digit of 457277?
2
What is the thousands digit of 237946?
7
What is the millions digit of 2466956?
2
What is the ten thousands digit of 5643813?
4
What is the ten thousands digit of 939999?
3
What is the hundreds digit of 2541623?
6
What is the thousands digit of 10848287?
8
What is the ten thousands digit of 9961943?
6
What is the ten thousands digit of 6180799?
8
What is the hundred thousands digit of 418744?
4
What is the ten thousands digit of 3254600?
5
What is the tens digit of 3753547?
4
What is the hundreds digit of 159129?
1
What is the millions digit of 1647979?
1
What is the thousands digit of 45166?
5
What is the ten thousands digit of 354081?
5
What is the hundred thousands digit of 1292330?
2
What is the units digit of 2811394?
4
What is the thousands digit of 3022971?
2
What is the millions digit of 19056254?
9
What is the tens digit of 26332859?
5
What is the tens digit of 141466?
6
What is the ten thousands digit of 135532?
3
What is the millions digit of 1067227?
1
What is the hundreds digit of 269971?
9
What is the thousands digit of 6751280?
1
What is the thousands digit of 130653?
0
What is the ten thousands digit of 253164?
5
What is the tens digit of 9482611?
1
What is the tens digit of 119782?
8
What is the tens digit of 1331078?
7
What is the tens digit of 388507?
0
What is the units digit of 55543?
3
What is the tens digit of 10417065?
6
What is the tens digit of 7550474?
7
What is the ten thousands digit of 5705984?
0
What is the millions digit of 1185524?
1
What is the hundreds digit of 181230?
2
What is the tens digit of 176428?
2
What is the thousands digit of 2977?
2
What is the thousands digit of 881134?
1
What is the thousands digit of 162680?
2
What is the units digit of 210778?
8
What is the ten thousands digit of 1298176?
9
What is the hundreds digit of 2262254?
2
What is the millions digit of 3067987?
3
What is the ten thousands digit of 271226?
7
What is the units digit of 20475451?
1
What is the thousands digit of 27562288?
2
What is the tens digit of 1503503?
0
What is the ten thousands digit of 92196?
9
What is the units digit of 172139?
9
What is the millions digit of 17576239?
7
What is the tens digit of 73470?
7
What is the hundred thousands digit of 1242835?
2
What is the ten thousands digit of 47242?
4
What is the thousands digit of 446720?
6
What is the ten thousands digit of 6150032?
5
What is the thousands digit of 2311783?
1
What is the millions digit of 2904764?
2
What is the tens digit of 2951555?
5
What is the hundreds digit of 3797860?
8
What is the hundreds digit of 1086332?
3
What is the ten thousands digit of 221273?
2
What is the units digit of 45016?
6
What is the hundreds digit of 347851?
8
What is the tens digit of 935138?
3
What is the hundred thousands digit of 107424?
1
What is the units digit of 476245?
5
What is the units digit of 4168?
8
What is the thousands digit of 1810522?
0
What is the tens digit of 6372828?
2
What is the thousands digit of 240848?
0
What is the millions digit of 1885287?
1
What is the thousands digit of 99414?
9
What is the hundreds digit of 13206317?
3
What is the units digit of 244255?
5
What is the hundred thousands digit of 155969?
1
What is the millions digit of 6894289?
6
What is the hundreds digit of 15145564?
5
What is the millions digit of 6522393?
6
What is the ten thousands digit of 576154?
7
What is the tens digit of 3347237?
3
What is the thousands digit of 4963928?
3
What is the hundreds digit of 17683443?
4
What is the units digit of 1787014?
4
What is the units digit of 4456924?
4
What is the units digit of 23772764?
4
What is the thousands digit of 10253476?
3
What is the hundreds digit of 32460102?
1
What is the ten thousands digit of 5554943?
5
What is the ten thousands digit of 4955085?
5
What is the hundreds digit of 119791?
7
What is the hundreds digit of 5793335?
3
What is the ten thousands digit of 113256?
1
What is the tens digit of 3698545?
4
What is the thousands digit of 150008?
0
What is the ten thousands digit of 655801?
5
What is the hundreds digit of 1122472?
4
What is the hundreds digit of 14434775?
7
What is the hundred thousands digit of 384078?
3
What is the tens digit of 5622957?
5
What is the ten thousands digit of 1817089?
1
What is the ten millions digit of 18504950?
1
What is the thousands digit of 115207?
5
What is the units digit of 2482588?
8
What is the thousands digit of 11243711?
3
What is the hundreds digit of 608700?
7
What is the thousands digit of 4031679?
1
What is the thousands digit of 27157199?
7
What is the hundred thousands digit of 1596184?
5
What is the hundreds digit of 1221042?
0
What is the hundreds digit of 78026?
0
What is the tens digit of 249999?
9
What is the ten thousands digit of 151832?
5
What is the hundred thousands digit of 3857342?
8
What is the millions digit of 7680357?
7
What is the units digit of 162843?
3
What is the hundred thousands digit of 457943?
4
What is the hundred thousands digit of 32688136?
6
What is the hundreds digit of 1370830?
8
What is the tens digit of 49505?
0
What is the thousands digit of 90256?
0
What is the hundred thousands digit of 633376?
6
What is the hundreds digit of 903102?
1
What is the hundred thousands digit of 819379?
8
What is the